 the units digit of 280?
0
What is the thousands digit of 10890?
0
What is the tens digit of 31953?
5
What is the thousands digit of 5170?
5
What is the tens digit of 20416?
1
What is the tens digit of 6716?
1
What is the units digit of 507?
7
What is the hundreds digit of 16255?
2
What is the thousands digit of 20226?
0
What is the tens digit of 908?
0
What is the units digit of 54417?
7
What is the tens digit of 12637?
3
What is the tens digit of 894?
9
What is the tens digit of 8254?
5
What is the thousands digit of 4223?
4
What is the tens digit of 29376?
7
What is the units digit of 1050?
0
What is the tens digit of 86420?
2
What is the tens digit of 771?
7
What is the tens digit of 5164?
6
What is the units digit of 1849?
9
What is the hundreds digit of 6557?
5
What is the hundreds digit of 11495?
4
What is the thousands digit of 3162?
3
What is the units digit of 17117?
7
What is the tens digit of 21222?
2
What is the hundreds digit of 9186?
1
What is the ten thousands digit of 10496?
1
What is the units digit of 502?
2
What is the thousands digit of 1050?
1
What is the thousands digit of 96993?
6
What is the tens digit of 70?
7
What is the units digit of 31296?
6
What is the hundreds digit of 66271?
2
What is the hundreds digit of 43099?
0
What is the hundreds digit of 7668?
6
What is the units digit of 738?
8
What is the thousands digit of 150906?
0
What is the thousands digit of 12385?
2
What is the tens digit of 2834?
3
What is the units digit of 3231?
1
What is the tens digit of 144917?
1
What is the tens digit of 67007?
0
What is the tens digit of 32636?
3
What is the hundreds digit of 1797?
7
What is the hundreds digit of 31863?
8
What is the ten thousands digit of 94460?
9
What is the thousands digit of 5643?
5
What is the tens digit of 207?
0
What is the thousands digit of 4765?
4
What is the hundreds digit of 689?
6
What is the units digit of 446?
6
What is the tens digit of 81?
8
What is the units digit of 3398?
8
What is the tens digit of 1909?
0
What is the tens digit of 14512?
1
What is the hundred thousands digit of 152710?
1
What is the thousands digit of 32756?
2
What is the hundreds digit of 1145?
1
What is the ten thousands digit of 11373?
1
What is the units digit of 2231?
1
What is the thousands digit of 4194?
4
What is the thousands digit of 10696?
0
What is the hundreds digit of 6667?
6
What is the thousands digit of 58017?
8
What is the thousands digit of 2654?
2
What is the hundreds digit of 4545?
5
What is the hundreds digit of 963?
9
What is the units digit of 12107?
7
What is the tens digit of 82?
8
What is the tens digit of 13488?
8
What is the units digit of 121?
1
What is the tens digit of 930?
3
What is the units digit of 4659?
9
What is the units digit of 142?
2
What is the tens digit of 36781?
8
What is the hundreds digit of 2215?
2
What is the thousands digit of 1102?
1
What is the units digit of 782?
2
What is the thousands digit of 13947?
3
What is the hundreds digit of 961?
9
What is the thousands digit of 2514?
2
What is the units digit of 167578?
8
What is the thousands digit of 36272?
6
What is the hundreds digit of 29115?
1
What is the units digit of 72039?
9
What is the thousands digit of 2177?
2
What is the tens digit of 1855?
5
What is the thousands digit of 31562?
1
What is the tens digit of 52265?
6
What is the units digit of 74397?
7
What is the thousands digit of 18956?
8
What is the hundreds digit of 2076?
0
What is the tens digit of 612?
1
What is the thousands digit of 13762?
3
What is the hundreds digit of 414?
4
What is the hundred thousands digit of 111809?
1
What is the thousands digit of 18338?
8
What is the ten thousands digit of 18547?
1
What is the tens digit of 586?
8
What is the hundreds digit of 19663?
6
What is the hundreds digit of 91444?
4
What is the tens digit of 22855?
5
What is the hundreds digit of 738?
7
What is the hundreds digit of 939?
9
What is the hundreds digit of 37514?
5
What is the hundreds digit of 154491?
4
What is the tens digit of 200?
0
What is the thousands digit of 14483?
4
What is the thousands digit of 1700?
1
What is the ten thousands digit of 13322?
1
What is the tens digit of 915?
1
What is the units digit of 16235?
5
What is the ten thousands digit of 29353?
2
What is the tens digit of 8839?
3
What is the thousands digit of 4300?
4
What is the tens digit of 78?
7
What is the hundred thousands digit of 107598?
1
What is the tens digit of 1915?
1
What is the tens digit of 4162?
6
What is the tens digit of 419?
1
What is the ten thousands digit of 44297?
4
What is the hundreds digit of 94504?
5
What is the thousands digit of 16789?
6
What is the hundreds digit of 1116?
1
What is the tens digit of 573?
7
What is the thousands digit of 22458?
2
What is the thousands digit of 5471?
5
What is the tens digit of 13195?
9
What is the hundreds digit of 9967?
9
What is the thousands digit of 12768?
2
What is the units digit of 16609?
9
What is the hundreds digit of 37406?
4
What is the units digit of 7026?
6
What is the hundreds digit of 2211?
2
What is the tens digit of 7187?
8
What is the units digit of 2738?
8
What is the thousands digit of 5641?
5
What is the units digit of 5249?
9
What is the hundreds digit of 4592?
5
What is the units digit of 9002?
2
What is the hundreds digit of 28961?
9
What is the hundreds digit of 48969?
9
What is the hundreds digit of 367?
3
What is the tens digit of 38066?
6
What is the thousands digit of 26362?
6
What is the units digit of 109105?
5
What is the thousands digit of 196465?
6
What is the tens digit of 1680?
8
What is the units digit of 2493?
3
What is the units digit of 8337?
7
What is the tens digit of 100?
0
What is the thousands digit of 4997?
4
What is the units digit of 5678?
8
What is the tens digit of 4140?
4
What is the hundreds digit of 1451?
4
What is the tens digit of 5017?
1
What is the thousands digit of 167395?
7
What is the thousands digit of 63635?
3
What is the thousands digit of 5416?
5
What is the tens digit of 7893?
9
What is the tens digit of 9766?
6
What is the thousands digit of 24286?
4
What is the tens digit of 1300?
0
What is the tens digit of 1307?
0
What is the tens digit of 4211?
1
What is the thousands digit of 133436?
3
What is the ten thousands digit of 33655?
3
What is the tens digit of 4951?
5
What is the tens digit of 67?
6
What is the thousands digit of 5827?
5
What is the units digit of 1851?
1
What is the units digit of 920?
0
What is the units digit of 46624?
4
What is the ten thousands digit of 23323?
2
What is the ten thousands digit of 93646?
9
What is the hundreds digit of 861?
8
What is the units digit of 678?
8
What is the tens digit of 720?
2
What is the tens digit of 458?
5
What is the hundreds digit of 15206?
2
What is the units digit of 1734?
4
What is the units digit of 55845?
5
What is the units digit of 6051?
1
What is the hundreds digit of 377?
3
What is the hundreds digit of 98601?
6
What is the thousands digit of 8806?
8
What is the units digit of 927?
7
What is the units digit of 41839?
9
What is the tens digit of 3002?
0
What is the units digit of 558?
8
What is the units digit of 4053?
3
What is the tens digit of 8070?
7
What is the hundreds digit of 10860?
8
What is the tens digit of 403?
0
What is the hundreds digit of 2413?
4
What is the units digit of 4282?
2
What is the hundreds digit of 4628?
6
What is the tens digit of 1317?
1
What is the tens digit of 24907?
0
What is the tens digit of 67997?
9
What is the ten thousands digit of 12653?
1
What is the tens digit of 74061?
6
What is the hundreds digit of 1500?
5
What is the thousands digit of 15398?
5
What is the hundreds digit of 1640?
6
What is the tens digit of 115?
1
What is the ten thousands digit of 10147?
1
What is the tens digit of 1278?
7
What is the ten thousands digit of 37658?
3
What is the ten thousands digit of 73878?
7
What is the units digit of 7037?
7
What is the hundreds digit of 2833?
8
What is the tens digit of 1200?
0
What is the tens digit of 323?
2
What is the units digit of 4019?
9
What is the tens digit of 131?
3
What is the tens digit of 19801?
0
What is the hundreds digit of 1660?
6
What is the units digit of 4364?
4
What is the tens digit of 5266?
6
What is the thousa